3. Let c(v) = v**3 - v**2 - 7*v + 6. Let a(w) = -w**2 + w - 1. Let q(p) = -6*a(p) - c(p). Calculate q(d).
7
Suppose 2*u - 12964 = -3*c, 0 = 3*c + 8*u - 3*u - 12961. Let o(h) = -h**2 + c - 3*h - 4330 + 3*h. Calculate o(0).
-8
Let l(t) = -2*t**3 + 18*t**2 + t - 4. Suppose 428*k = 435*k - 63. Determine l(k).
5
Let k(j) = j**3 + 26*j**2 + 3*j + 69. Let g be k(-26). Let s(t) = -5*t - 20. Let i(p) = -21*p - 83. Let r(z) = g*s(z) + 2*i(z). Determine r(-6).
-4
Suppose -755*l + 4 = -757*l. Let i(j) = 3*j**3 + j**2 - 7*j - 1. Let y be i(l). Let z(v) = -v**2 - 3*v + 10. Determine z(y).
-18
Let p(k) be the second derivative of k**5/20 + 2*k**4/3 - 2*k**3/3 + 7*k**2/2 - k - 571. What is p(-9)?
-38
Let c be (-2)/2 + (-25)/((-25)/(-8)). Let g(t) = -t - 2. What is g(c)?
7
Let i = 57 + -22. Suppose 9*p - i = 55. Let o(w) = 4*w**2 + p - 7 - 4*w - 1 - w**3. Calculate o(3).
-1
Let d = -39 + 21. Let v be ((-12)/10)/((-27)/90) - 1. Let p be (v/d)/(5/(-30)). Let n(a) = -8*a**2 - 1. Determine n(p).
-9
Let n(f) = f**2 - 2*f - 3. Let k(b) = -b**3 + 20*b**2 - 49*b - 31. Let p(v) = v**2 - 32*v + 17. Let i be p(32). Let s be k(i). What is n(s)?
0
Let g(w) = -w**2 - 9*w + 5. Let y be g(-9). Let k(f) = 10*f - y + 10 - 3*f - 9*f. Let d be -1*(-8 - (-4 - -2)). What is k(d)?
-7
Let n(v) be the second derivative of 5*v**3/3 - 5*v**2 + 1142*v. Determine n(2).
10
Let n(f) = 3*f**2 + 18*f + 8. Suppose -5*w + 189 - 219 = 0. Let z be n(w). Let r(v) = 4*v + 1 + 3 + v**2 - 13*v. Calculate r(z).
-4
Suppose -4*d - 35 = -5*b, -2*b - 14 = -d - 28. Let r(t) = b*t**2 + 0*t + 9*t - 4*t**3 - 4*t**3 + 9*t**3. What is r(-6)?
-18
Let t(g) = 2*g - 3. Let d(a) = -58*a + 78. Let x(j) = 2*d(j) + 52*t(j). What is x(-4)?
48
Let x(n) = 3587 - 10*n - 10766 + n**2 + 3583 + 3578. What is x(12)?
6
Let v(w) = -5*w**2 - 8. Let g(d) = 12*d**2 - d + 17. Let h(k) = 3*g(k) + 7*v(k). Let b(c) = -c + 1. Let x(s) = 5*b(s) - h(s). What is x(-5)?
-5
Suppose -123 = -128*t + 12 + 249. Let j(s) be the first derivative of 1/2*s**2 + 1/3*s**t + 28 + s. What is j(3)?
13
Let f(h) be the second derivative of -h**3/6 - 3*h**2/2 - 8*h - 3. Suppose 100*q = k + 99*q + 10, -2*q = 5*k + 22. What is f(k)?
3
Let n(s) = -7*s**2 - 10*s - 41. Let g(h) = -8*h**2 - 9*h - 40. Let c(x) = -6*g(x) + 7*n(x). Give c(-12).
1
Let j(g) = 4*g**2 + 49*g + 6. Let q = 7905 + -7917. Determine j(q).
-6
Let p = -30 + 34. Suppose 34 = 5*s + m, p*s + 0*s - 2*m = 16. Let j(v) be the third derivative of -v**6/120 + v**5/10 + v**4/24 - v**3/3 - 5*v**2. What is j(s)?
4
Let h(d) = -d - d + 220 - 227 - d + 2*d**2. Determine h(4).
13
Let i(p) be the second derivative of -p**6/240 - p**5/60 - 7*p**4/6 - 31*p - 1. Let h(n) be the third derivative of i(n). Give h(2).
-8
Let w(f) be the first derivative of 15*f**2/2 + 189*f - 485. Determine w(-12).
9
Let i(s) = -3*s + 0*s**2 + s**2 + 2 + 1. Suppose 42*o = -5*o + 94. Suppose -3*d - 4*z = -24, -o*d + 1 = -d - z. Determine i(d).
7
Let j(g) = -285*g + 300. Let s(t) = 383*t - 300. Let d(c) = -4*j(c) - 3*s(c). Determine d(-34).
6
Let p(b) = -41 - 11*b + 22 - 21 - 12. Determine p(-5).
3
Let f(j) = j**2 + 30*j + 140. Let b = -3263 - -3257. Give f(b).
-4
Let n be 2/((-16)/12)*(1 + 3). Let h be (-18)/15*10/n. Let v(m) = -4*m + 2. Let o(f) = 4*f - 3. Let i(p) = 3*o(p) + 4*v(p). Determine i(h).
-9
Let l(c) be the second derivative of 11/2*c**2 + 0 + 1/12*c**4 + 15*c + 7/3*c**3. Let a be l(-13). Let q(u) = -3*u**2 - 1. Give q(a).
-13
Let r be 0/(-26*1/(-12) + 42/(-252)). Let j(w) = -2*w**2 + 3*w**2 + 4 + 1. Determine j(r).
5
Suppose 3*c + 8 = 2, -3*u + 16 = -5*c. Let s(d) be the first derivative of d**4/2 + 2*d**3/3 - d**2/2 - d + 54748. Give s(u).
21
Let w(s) = -6*s - 286684 + 6*s + s**3 + 286683 - 5*s - 5*s**2. What is w(-2)?
-19
Let q(o) = -o**3 + 7*o**2 + 4*o + 2. Suppose -4*u - l = -89, 2*u - u - 23 = -l. Let t(h) = -u - h - 3*h + h**2 + 17. Let k be t(6). Determine q(k).
30
Suppose -29*b = -33*b - 20*b + 72. Let s(h) = 1 + h**3 + 4*h**2 - 4*h**3 + 2*h**3. Give s(b).
10
Let m(f) = -f**2 - 19*f + 24. Let v be m(-20). Suppose -v = x + s, -4*x + 2 = -s - 2. Let h(i) = i**3 - i**2 + i - 6. Calculate h(x).
-6
Let i = -13 - -4. Let w = -121 + 165. Let f(c) = -23 - 8*c + w - 3*c**2 + 2*c**2 - 18. Determine f(i).
-6
Let m be 0 - (-8 - 0) - -1. Suppose -m = -3*p + 2*p - 5*s, -18 = p - 4*s. Let i(j) = 1 - j - 9 + 3 - 1. What is i(p)?
0
Let k(q) be the second derivative of q**5/20 + 29*q**4/12 - q**3/6 - 23*q**2/2 - 5*q + 14. Calculate k(-29).
6
Let q(d) be the third derivative of d**6/120 - 7*d**5/30 + 5*d**4/4 - d**3/2 - 521*d**2 + d + 3. What is q(12)?
69
Let r(j) = -10*j - 60. Let f(b) = 9. Let w(q) = -14*f(q) - 2*r(q). Calculate w(1).
14
Let x(i) be the first derivative of i**3/3 - 7*i**2/2 + 2*i - 10. Suppose 3 = 5*o + 8. Let t be ((-6)/4 - o)/(1/(-12)). Calculate x(t).
-4
Let r(o) be the second derivative of -o**4/6 - 23*o**3/6 - 18*o**2 - 165*o + 17. What is r(-11)?
-25
Suppose 12*f = s + 7*f + 25, 0 = -11*s + 5*f - 75. Let q(k) = k**2 - 2*k - 14. Calculate q(s).
21
Let v(f) = f**3 - 9*f**2 + 2*f - 5. Let z(k) = -7*k + 106. Let u be z(-9). Suppose 0 = -11*c - 70 + u. Calculate v(c).
13
Suppose -9*u + 5*u - 5*i = -90, u - 35 = 5*i. Suppose 213 + 112 = -u*k. Let l(r) = r**3 + 13*r**2 + 2. Give l(k).
2
Let n(c) be the second derivative of -c**5/10 - c**4/12 - c**3/3 - 3*c**2/2 - 6*c. Let g be 4/(-2 - (-40)/12). Suppose -a = g*a + 8. Determine n(a).
13
Let o(v) = -2*v + 12. Let f(x) = x + 85. Let r(z) = f(z) - 2*o(z). What is r(-13)?
-4
Let i(v) be the second derivative of -v**5/20 + v**4/6 + v**3/2 - 3*v**2/2 + v. Let j be i(3). Let c(r) = -3*r - 8 + 28 - 14 + 0*r - 9. Determine c(j).
6
Let v(n) = -2 + 32*n - 96*n**2 + 60 - 169*n**2 + 263*n**2. Determine v(17).
24
Let y(x) = 20*x**2 + 1. Let u(b) = -b**2 - 4*b + 1220. Let i be u(33). Determine y(i).
21
Let o(v) = -v**3 + 2*v**2 - 1. Let h be o(-1). Let y(x) = 9 + 2*x**2 + 0*x**h - 12*x + 0 - 3 + 4*x. Give y(4).
6
Let a(u) = -8*u - 227. Suppose 15*w + 551 = -4*w. Let d be a(w). Let c(q) be the first derivative of q**2 - 7*q - 1. What is c(d)?
3
Let t be -19*(-1)/1*1. Suppose n - t = -17. Let b be ((-8)/(-2) - 3) + -5 - n. Let z(m) = -m**3 - 7*m**2 - 5*m + 2. Determine z(b).
-4
Suppose -4*t - 26 = -2*t. Let q(i) = -15*i + 76*i - 21*i - 18*i + 19 - 21*i. What is q(t)?
6
Let u(a) = 10*a - 26*a - 18*a - 4*a**2 - 3*a**2 - 15 - 51*a. Calculate u(-12).
-3
Let m(j) be the second derivative of -3*j**3/2 + 11*j**2 + 3*j + 39. Determine m(9).
-59
Suppose 0*a - 4*x = -4*a + 292, 2*a - 176 = -4*x. Let k = a - 72. Let w(b) = -10*b - 4 - k*b + 12*b. Give w(-5).
16
Let h(m) = 269*m**2 - 2*m - 4 - 3 + 273*m**2 - m - 543*m**2. Give h(-5).
-17
Let v(a) be the first derivative of -4*a**3/3 - 13*a**2/2 + 3*a - 11. Let r(h) = -h**2 - 2*h. Let j(b) = -5*r(b) + v(b). Let u be 2 + (2 + -2)*1. What is j(u)?
1
Let t(u) = 3*u**3 - 9*u**2 + 2*u - 7. Let p = 2003 - 2000. Calculate t(p).
-1
Let v(b) = -27*b - 867. Let c be v(-32). Let o(i) = 3*i**3 + 5*i**2 + 6*i - 3. Give o(c).
-57
Let w(s) = -29*s**2 + 313*s + 65. Let h(p) = 10*p**2 - 103*p - 22. Let y(b) = 11*h(b) + 4*w(b). Calculate y(20).
-2
Let r(c) = 17*c**3 + c**2 - c. Let z be r(1). Let t(g) = -g**2 + 16*g + 22. Let v be t(z). Let o(k) = 2*k + 2*k - 10 + 2 - k**2 + 2*k + 1. What is o(v)?
-2
Let x(c) be the third derivative of -c**7/840 + 7*c**6/360 - c**5/40 - c**4/8 + 23*c**3/6 + c**2. Let v(a) be the first derivative of x(a). Give v(6).
15
Let b = 3148 - 3150. Let r(t) = 10*t**2 - 5*t - 6. Calculate r(b).
44
Let g(o) = -8*o + 5. Let z = 6176 + -6166. What is g(z)?
-75
Suppose -103 + 118 = -3*a, 4*j - 13 = a. Let s(k) = -5 + 2 - 6*k - k. Give s(j).
-17
Suppose -5*g = 2*y + 13, -3*y = g - 0*g - 13. Let u(r) = -6*r + 36. Give u(y).
0
Let m(j) be the first derivative of -j**3/3 - 2*j - 56. Let u = 555 - 552. Calculate m(u).
-11
Let a(i) be the first derivative of -8*i**2 - 11*i - 239. Give a(-1).
5
Let o(t) = -349 + 1009 - 329 - 327 + t + 2*t**3. Determine o(0).
4
Let j(h) = -2*h - 4. Let u = 45 - 43. Suppose u*f - 2*w = 3*w + 92, 0 = 3*w + 12. Let o = 41 - f. Determine j(o).
-14
Let a(n) = 2*n - 6. Let z(r) = 2*r - 3*r - 5*r. Suppose -2*l + 4*l + 17 = 3*g, 0 = -5*g + 25. Let x be z(l). Give a(x).
6
Suppose -h + 0*j = -2*j - 18, -5*h + j = -45. Supp